j + 1. Let o(t) = c(t) + 4*w(t). Suppose -11 = -3*x - p, -4*p - 9 = -2*x - 5*p. Calculate o(x).
0
Let l(k) = 4*k - 5. Let o(r) = r - 1. Let d(n) = -2*l(n) + 10*o(n). What is d(4)?
8
Suppose -4*r = -23 - 13. Let v(f) = -2*f + 2 + 2 - 5 - r*f. Determine v(1).
-12
Let k(f) be the third derivative of -1/24*f**4 + f**2 - 1/120*f**6 + 7/6*f**3 + 3/20*f**5 + 0 + 0*f. Let j be k(9). Let p(s) = 3*s. Give p(j).
-6
Suppose -4*m + 0 - 6 = 5*y, 2*m = -y. Let d(l) = -5*l**2 - l. What is d(m)?
-6
Let j(f) be the first derivative of f**2/2 + 12*f - 1. Determine j(-6).
6
Let y(o) = -o**3 - 6*o**2 + 7*o - 2. Let x(n) = -n**3 + 11*n**2 - 6*n + 12. Let q be x(10). Suppose 5*s - 17 + q = 0. Calculate y(s).
-2
Suppose 5 = 5*w - 5. Let x(t) = t - 7*t**w + t**2 + 4*t**2 + 8*t**3. Suppose 5*m = 4*o + 9, 3*o = -m - o - 3. Determine x(m).
7
Let c(i) = 0 - i + 4 + 0. Let g be (-2)/(-11) + 31/11. Suppose 6 = -g*u - 3. Determine c(u).
7
Let t(o) = 3*o**3 - o**2 - 5*o - 1. Let c(x) = -5*x**3 + 2*x**2 + 9*x + 2. Let m(b) = 4*c(b) + 7*t(b). Give m(2).
15
Let f(w) = w**3 - w**2 + w - 5. Suppose -56*o = -58*o. Calculate f(o).
-5
Suppose 38 = 2*q + 14. Let k = 2 + 1. Suppose -k*p = -0*p + q. Let i(o) = -o**2 - 4*o - 6. Determine i(p).
-6
Let y(r) = -5*r**3 + r. Let i(o) = o**3 + 2*o**2 - 4*o - 4. Let a be i(-3). Let z be y(a). Let h(c) = c**2 - 2*c - 4. What is h(z)?
4
Suppose 3*l - 2*w - 83 = 0, -1 = -w - 2. Let f(s) = -62 + l + 32 + s**2. Give f(-3).
6
Let o(k) = 2*k + 2*k - 5*k + 2*k**2 - 2. Let j be o(2). Let i(l) = 6 - 1 - 3 + j*l. Calculate i(-2).
-6
Let n = -2 + 6. Let c(v) = -10*v**3 + 19*v**2 - 9*v + 25. Let p(a) = 3*a**3 - 6*a**2 + 3*a - 8. Let i(t) = -2*c(t) - 7*p(t). Determine i(n).
-6
Suppose 2*r = x + 2*x - 5, -4*x + 4 = -4*r. Let k(j) = 2*j + 0*j + 2*j**2 + j**r - 4*j - 2. Give k(-2).
14
Let t(h) = -h + 15. Suppose -49 = 24*z - 31*z. What is t(z)?
8
Let t = 3 + 0. Let x be 4*5*t/(-12). Let r(q) = -9 + q - 3*q + 3. Give r(x).
4
Let k(f) be the first derivative of 9*f**2/2 - f + 9. Calculate k(-1).
-10
Let m(q) = 7*q - 9. Let c(o) = 10*o - 13. Let w(a) = -5*c(a) + 7*m(a). Suppose 5*l + 5*x + 30 = 0, -2*l + x = 2*x + 9. Give w(l).
5
Let a(z) = z**3 + 2 + 2 + 7*z + 6*z**2 + 2. Suppose -4*w - 21 = -1. Determine a(w).
-4
Let n(q) = q**2 - 7*q - 3. Let y be n(8). Suppose 3*g - g - 16 = 4*p, -4*p - 2 = y*g. Let i(s) = 4*s**g - s**3 - 4*s**2 + 6. Give i(0).
6
Let f = 2 - 4. Let v(o) = -2*o**2 + 1 - 2*o + 2*o + o. What is v(f)?
-9
Let t(j) = -2*j**3 + 8*j**2 - 2*j + 15. Let m be t(4). Let h(u) = u - 8. Calculate h(m).
-1
Suppose 5*b - f = -3*f + 5, 0 = -f - 5. Let p(m) = 6 - b + 1 + m. Suppose 2*a + 3*a = 25. Determine p(a).
9
Let j be -12*1*1/2. Let o(b) be the second derivative of 7/6*b**3 - b + 1/20*b**5 + 0 - 3/2*b**2 + 7/12*b**4. Calculate o(j).
-9
Suppose 0 = -y - 0*y + 6. Let t(u) = -7 + 4*u**2 + y + 0*u**2. What is t(-1)?
3
Let z(f) be the first derivative of 2*f**2 + 2*f - 2. Give z(2).
10
Let p(o) = -5*o + 3. Let a = 6 + -4. Let t be a/5 - (-72)/(-30). Let r = t - -4. Give p(r).
-7
Let d(b) be the first derivative of b - b**2 + 2 + 2*b - 1. Let r = -104 - -107. Give d(r).
-3
Let b(d) be the first derivative of -d**4/4 + 2*d**3 - 3*d**2/2 + 5*d - 5. Calculate b(6).
-13
Let c(z) = -z + 1. Let l(i) = -7*i + 5. Let v(u) = -4*c(u) + l(u). Let y(o) = -9*o**3 + 8*o**3 - 1 - 3*o**2 + 2*o**2. Let x be y(0). Calculate v(x).
4
Let c(a) = -a + 1. Let x(f) = 3*f - 4. Let b(n) = 4*c(n) + x(n). Let y be b(-3). Let m(z) be the second derivative of -z**3/3 - z**2 - 3*z. Calculate m(y).
-8
Let s = 345 + -338. Let r(q) be the third derivative of q**5/60 - 3*q**4/8 + 3*q**3/2 - q**2. Calculate r(s).
-5
Let z(k) = -2*k - 6. Let o be (2/(-6))/((-14)/(-210)). What is z(o)?
4
Suppose -3*k + 17 = 8. Let q(p) = -4*p + 4. Calculate q(k).
-8
Let h be (-19)/(-4) - 3/4. Let t(c) = -5*c**2 - 9*c + 3. Let a(j) = j**2 + j. Suppose 0 = -z - 2, w - 6*w = 5*z + 15. Let l(m) = w*t(m) - 6*a(m). What is l(h)?
-7
Let n(r) = r - 6. Suppose 60*l - 56*l - 32 = 0. Calculate n(l).
2
Let p be 4*((-3)/12 + -1). Let z(q) be the first derivative of -3/2*q**2 + 1 - 7*q. Calculate z(p).
8
Let z(n) = 3*n**2 + n + 2. Let g(k) = -1. Let i(x) = -2*x + 12. Let b be i(5). Let o(j) = b*g(j) + z(j). Determine o(-1).
2
Suppose 4*c - 3*c + 3*v = -7, -5*v = 2*c + 11. Let l(k) = k - 5. Let o be l(0). Let s(z) = 2*z - 7. Let w(u) = u - 4. Let j(i) = o*w(i) + 3*s(i). What is j(c)?
1
Let a(n) be the first derivative of 5 + 8*n + 1/3*n**3 - 1/2*n**2. Give a(0).
8
Let g = -220/3 - -75. Let y(q) be the first derivative of -g*q**3 + 7*q + 0*q**2 + 1/4*q**4 + 5. What is y(5)?
7
Let l = -5 + 7. Let u be 3*l*(-8)/(-12). Let a(x) = x**2 - 2*x - 5. Give a(u).
3
Let g(y) be the first derivative of y**3 + 3*y**2/2 - 7. Calculate g(-2).
6
Let r(c) be the first derivative of -c**4/2 + 4*c**3/3 - 2*c**2 + 3*c - 1. What is r(2)?
-5
Let p(r) = r**3 - 3*r**2 - 4. Let z = -2 + 3. Let v = 2 + z. Calculate p(v).
-4
Let u(q) be the first derivative of 2*q - 2 + 1/3*q**3 - 3*q**2. Determine u(4).
-6
Let j(f) be the first derivative of -f**4/4 + 4*f**3/3 - f**2 - 2. Give j(3).
3
Let t(j) = -j**3 + 5*j**2 - 2*j - 1. Let q be t(3). Let h = -15 - -22. Let z = h - q. Let c(l) = -l**3 - 3*l**2 + 4*l + 5. Determine c(z).
5
Suppose -2*w + 4*v = 10, 0 = -5*w - 2*v + 3*v - 25. Let o(x) = -x**3 + x. Let j(l) = 14*l**3 - 4*l + 1. Let u(s) = w*o(s) - j(s). Let r = 1 + -2. Give u(r).
9
Let n(q) = 3*q**3 + 12*q**2 - 4*q + 8. Let k(m) = -m**3 - 4*m**2 + m - 3. Let y(v) = 7*k(v) + 2*n(v). Calculate y(-4).
-1
Let a be 1 - 2 - 12/(-3). Let v(d) = d**3 + 3*d + 1 - d - a*d**2 + 4*d**2 + d. Calculate v(-2).
-9
Let b(t) = -t**2 + 14*t - 8. Let s be b(13). Let o(x) = x**2 - 4*x - 3. Give o(s).
2
Let s(r) = 7 - r - r + 7*r. Determine s(-5).
-18
Let f(v) = v**2 + 4*v + 5. Let h be f(-4). Let t(n) be the second derivative of -1/12*n**4 - n + 0 + 2*n**2 + 1/2*n**3. Give t(h).
-6
Let d(j) = -9 + 3*j - 11*j - 2*j - j**2 + 6. Give d(-10).
-3
Suppose 69 = 5*k + 24. Suppose 2*x - 8 = 3*x. Let j = x + k. Let a(y) = y**2 - 1. Determine a(j).
0
Suppose 0 = d + 3*d - 8. Suppose d*n - 5*n + 12 = 0. Let a be 3*1 - n/(-2). Let m(w) = w**3 - 5*w**2 - 2*w + 4. Calculate m(a).
-6
Let o(d) = 3*d**2 - 2*d - 9 - 4*d**2 - d**3 - 5*d**2. Give o(-6).
3
Let u(t) = t**3 - 4*t**2 + 3*t + 4. Suppose -4 - 19 = -i. Suppose -5*j = -42 - i. Suppose 0 = -4*v, 2*v = 5*f - j - 2. Calculate u(f).
4
Let w be (-4 + 4)/(1*-1). Let y(u) = -u**2 + u - 3. Determine y(w).
-3
Suppose 0 = 2*m + 3*m + 90. Let w be 7/((-21)/m) + -3. Let t(f) = w - f**2 + 2 - 6. Determine t(-1).
-2
Let c(r) = r**3 - 3*r**2 - 3*r + 4. Let t = -5 - -12. Let b = 7 - t. Suppose b = -5*h + 21 - 6. Give c(h).
-5
Let g(l) = -l**2 + l + 2. Let b = 44 - 23. Let m be ((-7)/b)/((-2)/12). Determine g(m).
0
Suppose -9*z = -12*z. Let u(v) = v**3 + v + 3. Determine u(z).
3
Suppose -6 = -2*v - v. Let a(j) = j**2 + 2*j - 2. What is a(v)?
6
Let r = -16 - -10. Let l(s) = s + 11. Let u be l(r). Suppose 3*o = u*o - 4*m + 10, -4*o + 5*m = 20. Let y(q) = q**3 + 4*q**2 - 5*q + 4. Calculate y(o).
4
Let s(j) be the second derivative of -j**3/6 - 3*j**2/2 + 24*j. Let g(w) = -w**2 + w - 4. Let u = -1 - -1. Let d be g(u). Give s(d).
1
Let x(c) = -2*c + 13*c - 7*c. Calculate x(1).
4
Suppose -2*m + m + 3 = 0. Let d(u) = -u + 2*u**3 + u**m - 9 - 4*u**3. Calculate d(0).
-9
Let m(a) = 7*a. Let t be (-8)/(-16)*-2*1. Calculate m(t).
-7
Let k(h) be the third derivative of -h**6/120 - h**5/10 + h**4/24 - h**3/3 + 10*h**2. Determine k(-6).
-8
Let o be 15/(-4) + (-9)/(-12). Let y(s) = 2*s. What is y(o)?
-6
Let m(s) = s**2 - 2. Let a(y) = y**2 + 6*y. Let d be a(-4). Let n = d - -6. What is m(n)?
2
Let o(w) = w**2 + 3*w + 5. Let g be o(-5). Let h be 10*(3 - g/6). Suppose h*r = -2*s + 4 + 1, -13 = -2*r - 3*s. Let a(b) = 2*b**2 + b. Determine a(r).
1
Let j(k) = -8*k**2 + k - 1. Let a = 6 - 4. Suppose -3*s + 4*t + a = 3*t, 0 = 4*s - t - 3. Give j(s).
-8
Let j(d) be the first derivative of d**3/3 + d**2/2 + d + 2. Give j(-1).
1
Let k(c) = -c**3 - 4*c**2 + 2*c + 2. Suppose -7 = 4*w + 5*z, -4*w - 2*z + 1 = -1. Give k(w).
-18
Let u(o) = -3*o + 1. Let d = 2 - 6. Let b = d + 5. Calculate u(b).
-2
Let a(j) = 3*j - 5*j + j. Calculate a(4).
-4
Let l(a) = -4 - a + 2*a - 4*a. Determine l(